 (107 + -102)?
3
Calculate -1 + -16 + 116 + -106.
-7
What is the value of 6 + (9 - (11 - 2))?
6
What is the value of 4 - (-2 - (2 - 6) - 1)?
3
What is the value of -7 - (-5 - 2 - (-1 + 2))?
1
Evaluate 10 - ((-6 - -2 - -2) + 7).
5
Evaluate -5 - (-5 - (-1 - 0)) - -6.
5
11 - -2 - (14 + -4 + -8)
11
4 - (-1 + 9 - 2)
-2
(-8 - -2) + (-6 + 3 - -6)
-3
Evaluate 2 + 0 + (-4 - -4).
2
Evaluate -1 - 7 - -14 - (-3 + 16).
-7
What is the value of 3 + 42 + -37 + (-1 - 1)?
6
-100 + 90 + 2 + 5
-3
Calculate 3 - (3 + -2 - (4 + -1)).
5
What is -2 + 3 + -4 - 1 - -2?
-2
Evaluate -1 - (20 + -16 + 2 + -5).
-2
What is -3 + 8 - ((-4 - -5) + 1)?
3
0 - (1 - (0 - 6 - -11))
4
What is the value of (-5 + 6 - -1) + (10 - 2)?
10
Calculate -3 + 6 + -9 + -2 + 3.
-5
What is -3 - (-9 + 1 + (5 - 2))?
2
What is 5 - (2 - -2) - 6 - -5?
0
What is (15 - 11 - (3 - -3)) + 8?
6
What is (-12 - -14 - -13) + -9?
6
-6 - (-8 + 6) - -1
-3
Calculate (3 + -1 - -5) + 8 + -5.
10
Calculate -2 - (-2 - -1) - (5 - 0).
-6
What is 121 + -117 - (9 + -1)?
-4
Evaluate (12 - 24) + (8 - (1 + 1)).
-6
-6 - (-8 + -4) - 9
-3
Evaluate 3 + (-2 - -2) + (-9 - -7).
1
What is -6 - (-10 - (11 + -9))?
6
Calculate 12 + -22 - (2 - 12).
0
What is 4 + -9 + 6 - 4?
-3
Evaluate 9 + (8 - 4 - 23).
-10
Calculate (6 - 5) + (12 - 15).
-2
Evaluate 1 - -3 - (1 + -1) - 0.
4
What is 6 + 7 + -9 + 3 + -6?
1
(-4 - (3 + -6)) + 2
1
Calculate -1 + -2 - -12 - 12.
-3
What is (-13 - (1 - 5)) + 10?
1
Evaluate (-4 - -2) + -1 + 3.
0
What is the value of 7 + (7 - (7 + -2))?
9
Evaluate 4 + (0 - (-6 + (5 - 0))).
5
-10 + (-3 - 0) - (8 - 13)
-8
Calculate (-1 - (-5 - -3)) + (3 - 2).
2
What is -2 + 3 + -2 + 3?
2
What is the value of -24 + 21 - (-2 - (-2 - 0))?
-3
(-18 - -8) + 0 + 6
-4
1 + -5 - (1 - (1 + 9))
5
Calculate -6 + (6 - (-2 - (2 + -4))).
0
What is the value of 0 - (-5 + 8 + -4)?
1
1 + -7 + -9 - -7
-8
What is 2 - (0 + -2 + 5)?
-1
What is the value of 5 + 10 + -11 - -1?
5
What is the value of -9 + (3 - 6 - -5)?
-7
What is the value of 7 - (-11 + (5 - -19))?
-6
0 - (0 + 3 + 0)
-3
Evaluate 2 - (7 + -6 + 1).
0
Calculate -3 + (4 - -3) + (3 - 2).
5
Evaluate 1 + (0 - 16) + -70 + 77.
-8
Calculate (-20 - (0 - 10)) + 7.
-3
Evaluate 8 - (6 + 1) - 3.
-2
Evaluate 5 + -6 + (2 - -5) + -2.
4
Calculate -1 + (-1 - -5 - 8).
-5
Calculate -1 + (-1 + 4 - 1).
1
What is (0 - -14) + -5 + -3?
6
What is the value of 4 + -12 + 6 + 7?
5
What is the value of 4 - -4 - (6 - 3)?
5
Evaluate (-3 - -8) + (0 + 0 - 5).
0
What is the value of (-21 - -18) + (9 - 1)?
5
0 + (7 - (7 + -6))
6
Calculate -8 + 10 + 5 - 4.
3
(4 - 0) + 2 - (84 - 85)
7
What is 2 - (3 + -3) - -3?
5
What is -7 - (21 + -6 + -31)?
9
Calculate -4 + 4 + -5 + 6.
1
What is the value of 3 - ((-3 - 0) + (-8 - -9))?
5
What is the value of 15 + -15 - (0 - (2 - 2))?
0
What is 3 + (-5 + 11 - 6) - 8?
-5
-1 - ((1 - -2) + (-17 - -14))
-1
-6 - -1 - (-45 + 43)
-3
Calculate -2 - (-2 - -1) - (0 - 3).
2
What is -1 + (11 - 0) + -4 - 9?
-3
Evaluate 1 - -4 - (1 - (0 - 4)).
0
1 + 0 + 2 - (-112 - -108)
7
1 + -12 - -11 - (3 + 0)
-3
Calculate 3 - (-14 + 20 + -6).
3
Calculate -1 - 1 - (1 + -1) - -7.
5
Calculate 6 + 0 + -3 - (-1 + 0).
4
What is -2 - (6 + (6 - 14))?
0
Evaluate -3 + 1 + -3 - -6.
1
Calculate 5 + -2 + (1 - 5).
-1
8 + -18 - -20 - 11
-1
Evaluate 10 - (2 + (6 - -1)).
1
Calculate 1 + (-2 + 0 - -6).
5
Evaluate (-3 - -2) + -1 + -3.
-5
Evaluate (-1 - -13) + (89 - 92).
9
(-1 - 6) + 3 + 4
0
Calculate -1 + (6 - (-2 - -11)).
-4
Calculate (1 + -4 - -1) + -2.
-4
1 - 2 - 1 - (-31 - -28)
1
What is the value of (-10 - (-10 - -9)) + 15?
6
Calculate 1 + (2 - 1) - 5.
-3
Evaluate -7 - -10 - (1 + -1).
3
What is the value of 1 + (-1 - -2) + 3?
5
What is the value of 0 + 2 - (43 + -44)?
3
Calculate 7 - (8 + 4 + -6).
1
What is the value of (7 - 2) + -4 + (4 - 4)?
1
What is (-2 + 2 - 1) + (-35 - -35)?
-1
What is -2 + (1 + 2 - (-3 + 0))?
4
Evaluate 9 + -2 - (-3 + 21 + -3).
-8
-1 + -4 + 1 - (0 - 2)
-2
Evaluate (-6 + 11 + -1 - 1) + 2.
5
What is the value of -35 + 41 - (0 + -2)?
8
What is 1 + (-4 + 0 - -6)?
3
Calculate -13 - -9 - (-3 + -2).
1
Evaluate -2 - 1 - (6 + -4).
-5
2 - (9 + -1 + -3)
-3
What is the value of 8 - 8 - (1 - 2)?
1
Evaluate 0 - 3 - (-3 + -5 + 2).
3
Evaluate 7 + -2 + -7 + 7.
5
Evaluate ((6 - 5) + -8 - -4) + 2.
-1
What is the value of -5 + 2 + 1 + -2?
-4
Calculate 1 + 0 - (-11 + 1 - -18).
-7
Evaluate 5 + 5 + -12 + 3.
1
Evaluate 21 - 22 - (0 + 4).
-5
Calculate -2 + -1 - (-6 + 0 - -6).
-3
What is -3 + 0 - (4 - 3)?
-4
What is the value of -16 + (15 - 6) + 0?
-7
What is the value of (-4 - 0 - -8) + 22 + -21?
5
What is the value of -6 + 8 - 1 - (-4 - -6)?
-1
What is the value of -1 + -2 + 4 + 0?
1
Calculate (1 - 2) + 13 + (-9 - -3).
6
Calculate -1 + (-8 - -4) + 8 + 6.
9
3 + 1 + (2 + -6 - -1)
1
What is -5 + 17 + -17 + (6 - -1)?
2
Evaluate -5 + 4 + (-13 - -8).
-6
Calculate 1 - (6 + -4 - -1).
-2
-5 + (-1 - -1) + 1 + 1
-3
Calculate -5 + 6 + -2 + 6.
5
What is 4 - (-8 - (12 + -14))?
10
What is the value of (-1 - 1) + -7 + 10?
1
What is -51 + 45 - ((-2 - -1) + 2)?
-7
What is -2 - (0 - -1 - (-25 - -31))?
3
What is the value of 7 + 0 + -8 - -7 - 12?
-6
What is the value of -5 + 9 + -1 - 4?
-1
Evaluate -2 - (7 - 9) - 7.
-7
Evaluate 2 - (-3 - -3) - 4.
-2
Calculate 0 - -2 - (23 - (5 + 19)).
3
Calculate (-12 - -7) + -4 + 0.
-9
Calculate -7 + (6 + 1 - 7).
-7
-6 + 7 + -7 + 13
7
What is the value of -2 + -1 + (3 - (-10 - -8))?
2
What is -5 - (3 + (-2 - 2))?
-4
Calculate 0 - (-3 - -6 - 2).
-1
Evaluate (-6 - 16 - -11) + 17.
6
What is 0 + -2 - (13 + -16)?
1
Evaluate 1 + 0 + 2 + 3 + -8.
-2
What is (-1 - (-3 - -8 - 9)) + 3?
6
What is -6 + (7 - (-1 - -7))?
-5
Calculate 6 + 1 + 1 + -5.
3
What is the value of 3 + 3 + 6 + -16?
-4
Evaluate 8 + -4 + (-2 - -1).
3
(1 - 4 - -2) + 2 + 3
4
(-2 - 3) + -2 + (-6 - -13)
0
Evaluate -10 + 1 - (5 - (0 + 9)).
-5
What is 37 - 37 - (-4 + 3)?
1
Calculate -3 + 5 - (0 + -2).
4
Calculate 11 + (2 - 4 - 2).
7
Calculate -1 + -1 + 1 + 2.
1
-5 + (2 + -8 - -16)
5
Calculate 0 - 1 - (3 + 1 + -7).
2
Calculate 0 + (-2 - -1) + (-4 - -1).
-4
Evaluate 3 - 4 - (-1 + 5).
-5
(-1 + -2 - (2 + -6)) + 3
4
Calculate 37 + -45 + -1 + 2.
-7
(103 - 108) + (0 - -5)
0
Calculate -1 + (-5 - -3 - (-1 + -4)).
2
What is 2 + -12 - (-50 - -39)?
1
Evaluate 4 + (-2 + -11 + 2 - -4).
-3
What is the value of -1 - (0 + -3) - (87 - 80)?
-5
Evaluate (-6 - -7 - 5 - 2) + -1.
-7
Calculate 6 - (-2 - (-3 - 1)).
4
(2 - -1) + -6 + 0 + 2
-1
Calculate -3 + 0 - (0 - 2).
-1
4 - ((-2 - -5) + -2)
3
What is the value of 0 + 5 - (-52 + 59)?
-2
Evaluate (2 - (-15 + 8)) + -5.
4
Evaluate 5 + (-8 - -7) - (7 + -6).
3
What is the value of -16 + (12 - (4 - -2)) + 4?
-6
Calculate -2 + -1 - (-5 + 2 - -1).
-1
-221 + 212 - (1 + (-1 - 5))
-4
What is the value of (-4 + -1 - 0) + (134 - 124)?
5
Calculate 0 - (0 - -4 - 9).
5
Calculate (15 - 17) + 4 + 0.
2
-1 - (-4 - -10 - 1 - 3)
-3
3 + (1 - (2 - -2))
0
What is the value of -1 + 3 + -1 + -2 + 1?
0
What is the value of 5 + -6 - (14 + -10)?
-5
Calculate -1 + 4 - (4 - -2).
-3
Calculate (2 - -3) + (3 - 4) - -1.
5
What is (1 - (0 - 3)) + -3 + -3?
-2
Calculate -7 - (-16 + 0 + 8).
1
Calculate 0 - (1 + (-3 - (-2 + -3))).
-3
-5 + -2 + -1 + 1 + 7
0
Calculate 7 + 5 + -13 - (2 + -9).
6
What is 1 + (-1 + 3 - 5)?
-2
(-10 - (0 + -4) - 3) + 4
-5
Evaluate 0 + (-7 - -5) - 1.
-3
Calculate (-4 - -5) + -1 + 3.
3
Evaluate 1 + 0 - (-2 - -2 - -5).
-4
Calculate -3 - (4 + -1 + (-1 - 5)).
0
What is the value of -7 + 6 + -11 + 4?
-8
Calculate (-3 - (-1 + -2)) + -4.
-4
Calculate -8 + 6 - ((-1 - -3) + -8).
4
(1 - 1) + -9 + 8
-1
(3 - 8) + 15 + -14
-4
What is (-41 - -50) + -5 + -1?
3
Evaluate 0 - 0 - (7 - 4) - -2.
-1
What is -1 + -4 - (0 - (9 - 3))?
1
Evaluate 3 - (12 - (1 - -3)).
-5
Calculate -4 + (-3 - -12) + -5.
0
Evaluate -7 + 16 - (-1 - -10).
0
Calculate 0 + -14 + 8 + 2 + 1.
-3
What is 9 - (6 + 0) - 8?
-5
Calculate -3 - (1 + -11 + (-2 - -5)).
4
What is the value of (-23 - -27) + (-5 - -3) + 2?
4
What is the value of 10 - (-11 + 15) - -2?
8
Evaluate (-3 - -2) + 6 - 3.
2
Evaluate 10 - (5 + 0) - 5.
0
0 + 0 + (4 - (1 - -2))
1
-3 + 5 + -2 - (-16 + 19)
-3
What is the value of -3 + 1 + -4 + 3 + 6?
3
-7 + (5 - 3) + 8
3
What is (6 - 0) + 2 + -4?
4
What is (0 - 0) + (8 - (-2 - -15))?
-5
Evaluate 1 - -2 - (-6 - -13).
-4
What is the value of (-4 + 2 - -1) + 5?
4
Calculate 0 - ((-4 - -2) + -6 + 8).
0
(-